-3*x + 5*r + 145375, -5*x - 24186 = -3*r - 266451. What is the units digit of x?
0
Suppose 120*l = 719565 + 1594395. What is the hundreds digit of l?
2
Suppose -4*g = 2*n - 6570, 13140 = -154*n + 158*n + 4*g. What is the units digit of n?
5
Let b = -22 - -47. Suppose f = -5*c + 79, -347 = c + f - 358. Suppose b*t - c*t - 200 = 0. What is the units digit of t?
5
Suppose x - 22 = -28. Let k be (-3 - x) + (4 - 2) + -225. What is the tens digit of (-3)/(-12) + k/(-16)?
1
Let k = 3021 + -4735. Let b = -761 - k. What is the hundreds digit of b?
9
Suppose -204*i + 202477 + 482088 = -169*i. What is the units digit of i?
9
Let h = 57847 - 25474. What is the thousands digit of h?
2
Let w be 9 + (6 - (-5 - (-1 - 15))). Suppose -l + 260 + 129 = -4*r, -1592 = -w*l + 4*r. What is the hundreds digit of l?
4
Let y(j) = -115*j + j**3 - 47*j**2 - 9*j - 49 + 69. What is the units digit of y(50)?
0
Let g(p) = 3*p**3 - 9*p - 7. Let l be g(-2). What is the tens digit of l + 1041 + -2 - 5/(-1)?
3
Suppose -2*i - i + 3165 = 0. Let n = i - 628. Let a = n - 221. What is the units digit of a?
6
Let p = -340 - -640. Let r = p - -181. What is the tens digit of r?
8
Let k(z) = z**3 - 6*z**2 - z + 6. Let p be k(6). Suppose p + 0 = 6*j. Suppose j*x - 2*x = -186. What is the units digit of x?
3
What is the thousands digit of ((-105)/(-12))/(80/239360)?
6
Let l(s) = 320*s - 1714. What is the thousands digit of l(13)?
2
Let n(f) = -f**3 - 29*f**2 - 30*f - 55. Let j be n(-28). Let t(r) = 631*r + 16. What is the units digit of t(j)?
7
Let a(x) = 144 + 6*x**2 + 131 - 259. Let y be a(-9). Suppose 219 + y = 7*s. What is the units digit of s?
3
Let m = 10 - -6. Suppose r - c - m = -2*r, -4 = 4*c. Suppose 4*x + 836 - 92 = 4*p, r*x - 574 = -3*p. What is the tens digit of p?
8
Let h(n) = -2*n**3 - 4*n**2 - 2*n + 15. Let r be 2/15 + 44/(-330). Suppose k = -5*t - 26, -3*t - t - 4*k - 24 = r. What is the units digit of h(t)?
5
Let o = 3104 - 1856. Let t = -871 + o. What is the units digit of t?
7
Let o be (2 - (5 - 8)) + (-709)/(-1). Suppose -o = -2*u + 2244. What is the tens digit of u?
7
Let v(r) = r**3 + r**2 + r - 1. Let d(l) = 3*l**3 + 13*l**2 - l + 25. Let w(j) = -d(j) + 4*v(j). Let n be w(9). Let o = 92 - n. What is the units digit of o?
6
Let b = -1642 - -6030. What is the units digit of b?
8
Let b be (-2)/(-4) - 30/(-20). Suppose 5*y - 1595 = -5*f, 3*y = -0*y - b*f + 952. Suppose 2 - y = -4*s. What is the tens digit of s?
7
Let p(f) be the first derivative of 4*f**2 - 2*f**2 - 14 + f**3 - 18*f - 2*f**2. What is the tens digit of p(8)?
7
Let y(z) = 2855*z - 1696. What is the hundreds digit of y(3)?
8
Let n(q) = 14*q - 3 + 7*q**2 + 7*q**2 - 13*q + 2*q**2 - 2*q**3. Let f be n(8). Suppose -13*u - f + 577 = 0. What is the tens digit of u?
4
Let g = 78 - 43. Suppose -31 = -3*n + g. Suppose n = t - z, -9 = -t - 2*z - 2. What is the tens digit of t?
1
Suppose -42508 = -4*z - 15*m + 11*m, -10615 = -z - 5*m. What is the units digit of z?
0
Let i(s) = -22*s**3 + 12*s**2 + 7*s - 105. What is the units digit of i(-10)?
5
Let z(n) = 2*n**2 + 155 - n**2 + 8*n - 99. What is the tens digit of z(-9)?
6
Let x = -714 + 5477. What is the units digit of x?
3
Suppose -2*y + 1592 = h - 5*h, -y + 5*h + 799 = 0. Let a = y + -551. What is the tens digit of a?
4
Suppose 0*v + 1256 = 8*v. Suppose 5*p = -2*n + 749, n + v = p - n. What is the tens digit of p?
5
Let y be (-2 + 3)*(6 + 0 - 6). Suppose c + 2*v + 0*v - 406 = y, -c + 386 = -2*v. What is the units digit of c?
6
Suppose 1602 + 1103 = -12*p + 425. Let j(s) = -s**3 - s + 5. Let v be j(0). What is the units digit of 12/(-54) - (p/9)/v?
4
Let w be -1*((-5)/(-1) + (-360)/(-9)). Let p(t) = 15*t**2 + 5*t - 1. Let n be p(-4). Let y = w + n. What is the tens digit of y?
7
Let b = 61 + -58. Suppose 4 = 4*y + 5*x - 0, b*y = -3*x + 6. Let o(g) = 3*g**2 + 2*g - 8. What is the tens digit of o(y)?
1
Let t = 254 + -69. Suppose g - t = 272. What is the tens digit of g?
5
Let f = 124 - 74. Let z be f - (-5)/(-3)*3. Suppose 3*p + z = 3*v, -3*v + 2*p + 30 = -12. What is the units digit of v?
2
Suppose 0 = 43*n - 16*n - 8127. Let y = 319 + n. What is the tens digit of y?
2
Let c = -24 - -31. Suppose 5*d = -5*w + 15, -5*w + 29 + c = -2*d. Let a = w - -13. What is the tens digit of a?
1
Let l = -20 + 159. Suppose -5*f + 3*j = -20, 0 = -32*j + 27*j. Suppose -d + l = -3*k - 10, 2*k = f*d - 576. What is the hundreds digit of d?
1
Suppose -87*v + 2100993 + 422887 = -42707. What is the ten thousands digit of v?
2
Suppose 2*r + 6 - 48 = 0. Suppose z - r = -4*t, -5*t - 15 = z - 10*t. Suppose z*f - 545 + 210 = 0. What is the units digit of f?
7
Suppose -c + 423 = -4*w, w + 3*c + 201 = -w. Let n = w - -274. What is the tens digit of n?
6
Let b be 11446/12 - 140/168. Let r = -481 + b. What is the hundreds digit of r?
4
Let c(k) = -8*k + 90. Let y be c(10). Let d(v) = 2*v**2 - 15*v + 63. What is the tens digit of d(y)?
1
Let d = 889 + -509. Let h be d/8*36/15. Let u = 195 - h. What is the tens digit of u?
8
Suppose -4*t = 5*k - 629, k = -0*k + 1. Let g be (15/(-2))/(1/10). Let j = t + g. What is the units digit of j?
1
What is the thousands digit of -21450*((-63)/(-6))/(-21)?
0
Suppose 151*u - 284739 = 2*u. What is the hundreds digit of u?
9
Let i(u) = -2*u + 42. Let r be i(20). Let c be r - (-48)/(3 + 0). Suppose -3*w - 4*h = -86, w + 3*h = 4 + c. What is the tens digit of w?
3
Let y be (-1)/((-9)/(-885)) + (-2)/(-6). Let u = 46 + y. Let o = 63 + u. What is the units digit of o?
1
Suppose -5*m = 2*i - 185, -2*m - 4*i = -4*m + 50. Suppose m*c - 31*c = 1832. What is the hundreds digit of c?
4
Let i(n) = n - 6. Let h be i(-2). Let y(v) = 12*v**2 + 8*v + 16. Let m be y(h). Suppose 3*z = -3*z + m. What is the hundreds digit of z?
1
Suppose 4*i - 9*i = -10. Suppose i*d - 3*d + 858 = a, 0 = -3*d + 2*a + 2584. What is the tens digit of d?
6
Suppose -i + j + 15336 = 0, 15316 = -27*i + 28*i + 4*j. What is the hundreds digit of i?
3
Let y(p) = 10*p**3 - p + 2. Let i be y(-2). Let b = -72 - i. What is the units digit of (33/3)/((-76)/20 + b)?
5
Let t be ((-33)/11)/(-1 - 13/(-10)). Let q = t + 37. Suppose -n + 89 = -q. What is the units digit of n?
6
Let q(m) = -645*m**3 - 640*m**3 + m - m**2 + 1275*m**3 + 1. What is the tens digit of q(-3)?
5
Let r be 3 - (-3 + 7 + -4). Suppose 4*i + x - 23 = 0, -5*x + 7 = -i - r. Suppose i*z - 54 = -z. What is the units digit of z?
9
Let v = 1496 + -938. What is the tens digit of 63 + -57 + v*1?
6
Let g(b) = -b + 9. Let s be g(6). Suppose -l + 0*u = u - 7, -l = s*u - 13. What is the units digit of (0 - 42/l)*(-12)/7?
8
Let t(b) = 64*b - 66. Let f be t(-10). Let a = f + 1427. What is the hundreds digit of a?
7
Suppose -2*t - g = -11229, -4*t + 23884 = g + 1425. What is the units digit of t?
5
What is the thousands digit of (11*(-8)/(-352))/((-887452)/443728 - -2)?
7
Let x(a) be the first derivative of 10*a**2 - 6*a + 11. Let i(g) = 79*g - 25. Let w(d) = 6*i(d) - 22*x(d). What is the units digit of w(7)?
0
Let a = 6521 + 2188. What is the units digit of a?
9
Suppose 354*u - 147*u - 2562660 = 0. What is the ten thousands digit of u?
1
Let g(k) = k - 6 + 6 + k**2 + 5*k**2 + 40*k**3 + 4. What is the hundreds digit of g(2)?
3
Let p = -89 - -79. What is the units digit of (2/3)/(-5*p/2475)?
3
Let r = 15555 + -7285. What is the units digit of r?
0
Suppose -q - 964 = -1541. Suppose 0 = -q*y + 573*y + 1816. What is the tens digit of y?
5
Suppose -35*j - 23*j + 1183432 = 0. What is the ten thousands digit of j?
2
Suppose -2*y + 6 = 0, -g - 3*g + 179 = 5*y. Let q = g - 37. What is the tens digit of 123 + 0 + q + 1?
2
Let d be 1 + 195/(-52) - (-1)/(-4). Let n(l) be the third derivative of -l**6/40 - l**5/30 + 5*l**3/3 + 6*l**2. What is the tens digit of n(d)?
7
Suppose 110 = 2*n - 522. Let p = n - -188. What is the tens digit of p?
0
Let q(m) = 1328*m - 33. What is the thousands digit of q(4)?
5
Let u(y) = 2561*y**2 + 2*y + 1. What is the hundreds digit of u(-1)?
5
Let d(j) = -j**2 - 3*j + 3. Let t be d(-3). Let n(s) = 9*s**2 - 120*s**t - s**2 + 121*s**3 + 19 - 5*s. What is the tens digit of n(-8)?
5
Suppose -85*l = -12*l - 6053890. What is the tens digit of l?
3
Suppose -111828 = -32*f - 32852. What is the tens digit of f?
6
Suppose -5*t = b - 1889, 5*t - 6*b + 3*b - 1